e n = -5*n + i. What are the prime factors of n?
2, 5
Let k = 541 + -1105. Let c = -356 - k. What are the prime factors of c?
2, 13
Let d(n) = 6*n**2 + 3*n**3 + 93*n - 77*n - 4*n**3. What are the prime factors of d(7)?
3, 7
Let p be (-10)/4 - (-4)/8. Let l be (-2 - p) + (-16)/(-8). What are the prime factors of 312/18 + l/3?
2, 3
Suppose 221 = 3*p + 3*i + 2*i, -5*i + 375 = 5*p. Let n = 148 - p. What are the prime factors of n?
71
List the prime factors of -100*(-8)/(-32)*-42.
2, 3, 5, 7
Suppose 0 = -3*s + 5*o + 221 + 69, -3*s + 278 = -2*o. List the prime factors of (-3 + 14/6)/((-2)/s).
2, 3, 5
Let j = -19 + 61. Let w = 73 - j. List the prime factors of w.
31
Suppose 0 = -9*m - 29*m + 138244. What are the prime factors of m?
2, 17, 107
What are the prime factors of 511 + ((-232)/203)/(4/(-14))?
5, 103
Let q = -69 - -121. Let a be (-3 + 21/6)*-2 - -4. Suppose u + a*f - 28 = 0, 0*u + 3*f + q = 4*u. What are the prime factors of u?
2
Suppose 0 = -2*u - 3*u + 10. Suppose -3*a + 80 = u*b, b = -2*a - 2*b + 55. What are the prime factors of a?
2, 13
Let t = 3869 + 797. List the prime factors of t.
2, 2333
Let o(a) = a**3 + a**2 - 3*a - 1. Let s be o(-2). Let v be (-1 - (s - 2)) + -2. What are the prime factors of 23 + (2 - (v - -3))?
2, 3
Suppose 4*w = -16, 11 = -2*l - 3*w - 1. Suppose 11*u - 10*u + 4*f - 146 = l, -2*f - 4 = 0. List the prime factors of u.
2, 7, 11
Let d = -2070 - -3353. What are the prime factors of d?
1283
Let g(f) = 6*f - 3 + 8*f - f. Let v be 25/(-10)*(-12)/15. What are the prime factors of g(v)?
23
Suppose -4*v - 291 = -2*b - 937, 2*v - 4*b - 314 = 0. List the prime factors of v.
163
What are the prime factors of 18750/40 - (-5)/4?
2, 5, 47
Let x(f) = -f**2 - f**3 - 52*f**2 + 26*f**2 + 27*f + 2*f**3. What are the prime factors of x(26)?
2, 13
Suppose 5*b + 7*b = -24. Let r(z) = -50*z + 2. What are the prime factors of r(b)?
2, 3, 17
Suppose -13*y + 600 = 11*y. List the prime factors of y.
5
Suppose 5*p - 3*v - 2221 = 0, 0 = 4*p - 4*v - 816 - 964. What are the prime factors of p?
443
Let t = 118 - 116. What are the prime factors of -6*(-57)/(-7)*(-7)/t?
3, 19
Suppose 82 = -6*z + 316. Let k = z + -36. Suppose -4*c + 3*c + 1 = k*s, 0 = 5*c - s - 37. What are the prime factors of c?
7
Suppose 4*m + 4 = 2*m. Let w(l) = 37*l + 3. Let a(y) = -25*y - 2. Let d(p) = -7*a(p) - 5*w(p). What are the prime factors of d(m)?
19
Let a(r) = -251*r + 44. List the prime factors of a(-6).
2, 5, 31
Let c be 72/(4 + 56/(-12)). Let v = 163 + c. List the prime factors of v.
5, 11
Let q be (-62)/(-4) + 1/(-2). List the prime factors of (q/6 - -4)*24/1.
2, 3, 13
Suppose 4*j + 16 = -5*n + n, 2*j - n = -2. Let k be (1 - -1)/j*-3. What are the prime factors of ((-57)/(-9))/(k/9)?
19
Let u = -2174 - -3405. List the prime factors of u.
1231
Let m = 533 - -741. List the prime factors of m.
2, 7, 13
Let y(p) = 3*p**2 + 5*p + 9. Let f be y(-6). Suppose 3*w - 9 = b, 6*w - 3 = 5*w + b. Suppose 0*g + w*g = f. List the prime factors of g.
29
Let s = 77 + -61. Suppose 4*f - 120 = s. List the prime factors of f.
2, 17
Suppose 0 = -2*i + 6*i - 8. Suppose i*c + 108 = 3*c. What are the prime factors of c?
2, 3
Suppose -z + 12 = 3*z. Suppose -2*l - s + 1 = 0, -l + z*s + 1 = -5*l. List the prime factors of (18/8)/(l/8).
3
Suppose 0 = 2*r + 4*k - k - 4, -2*k - 19 = -3*r. Suppose -116 = -o + 2*h, -r*h + 7 = 17. List the prime factors of o.
2, 7
Suppose -27*d = -4*d - 29877. List the prime factors of d.
3, 433
Suppose -3*x + 48 = -3*a, 117*x - 113*x + 3*a - 85 = 0. List the prime factors of x.
19
Let i be 0 - (-1 - 1) - -37. Let l = 69 - i. What are the prime factors of l?
2, 3, 5
Let p(f) = 176*f - 34. What are the prime factors of p(5)?
2, 3, 47
Let k(l) = 17*l**2 + 72*l - 11. What are the prime factors of k(8)?
3, 19, 29
Suppose 10329 = -0*q + 11*q. What are the prime factors of q?
3, 313
Let p = -571 - -88. Let s = -172 - p. List the prime factors of s.
311
Let z(s) = -s**3 + 8*s**2 - 2*s - 5. Let k be (-4)/26 - (-268)/52. What are the prime factors of z(k)?
2, 3, 5
Let h(t) = 38*t - 96. List the prime factors of h(15).
2, 3, 79
Let n be 2*26/4 - 1. Suppose -53 + 205 = 2*s. List the prime factors of s/n + 2/(-6).
2, 3
Suppose f + o - 324 = -f, -4*o = -2*f + 304. Suppose 55 = 5*i - f. List the prime factors of i.
43
Suppose -3*n + u + 3*u = 50, -59 = 3*n + 5*u. Let m(k) = 4*k + 13. Let t(s) = -9*s - 26. Let o(w) = -5*m(w) - 2*t(w). List the prime factors of o(n).
23
Suppose 2*a - t - 34 = 0, -4*a + 3*t + 66 = -4. Let i = a - 14. Suppose b - 4*o = -13, -3*b - i*o + 23 = 2*b. What are the prime factors of b?
3
Suppose 2*o + 12*x - 3180 = 16*x, -4784 = -3*o - x. What are the prime factors of o?
2, 797
Let k(f) = 8*f**3 - f**2 - f - 2. Let a be k(2). Let r be -2 + 2 + -1 - -4. Suppose -r*j + a = -j. List the prime factors of j.
2, 7
Let q be -1 - 1 - -3 - -3. Suppose q*j = 9*j + 980. What are the prime factors of (-30)/(-165) + j/(-11)?
2, 3
Suppose 5*f - 10 = -0. Suppose -f*u - 6 = 0, -3*s - 4*u - 39 = -0*s. Let x(a) = a**2 + 5*a - 13. List the prime factors of x(s).
23
What are the prime factors of (-7)/42 - 7777/(-6)?
2, 3
Suppose 22 = 3*p + 10. Suppose -4*s = -56 - p. What are the prime factors of s?
3, 5
Suppose 2*v = 3*i - 205, v - 2*v + 277 = 4*i. Suppose -5*c + i = -591. What are the prime factors of c?
2, 3, 11
Let b be 4/14 + (-45)/(-63). Suppose l + 60 = -4*l. What are the prime factors of b/(-6) - 698/l?
2, 29
Suppose -3*h - 108 = g + 153, -2*g = 2*h + 506. Let m = g - -358. What are the prime factors of m?
109
Let w(z) = 2*z**2 + 5*z + 7. Let x be w(-5). Suppose 4 = 7*a + x. What are the prime factors of 1 + (0 - a/1)?
5
Suppose 21 = -0*h + h. What are the prime factors of (196/h)/(4/18)?
2, 3, 7
Let z be (68/51)/((-2)/(-12)). List the prime factors of (2 - z)/(27/(-198)).
2, 11
Let t = -153 + 150. What are the prime factors of (t + 21)/(-6*2/(-8))?
2, 3
What are the prime factors of (7 - 5)/(-1) + 1 + 429?
2, 107
Let x = 15 + 62. Let h = -56 + x. List the prime factors of h.
3, 7
Suppose -2*y + 4*y - 3*p - 20 = 0, 4*p = -3*y - 4. What are the prime factors of y?
2
Let f(c) = 19*c**3 - 2*c**2 + 1. Let s be f(-1). What are the prime factors of (s/30)/(2/(-693)*3)?
7, 11
Suppose 0 = 66*q - 69*q + 2043. Let l = q - 455. List the prime factors of l.
2, 113
Suppose 2*n - 3*f = 11, -4*n - 11 - 17 = 4*f. Let r be (n/6)/((-6)/54). Suppose -12 = -3*d, -5*d = r*o - 54 + 4. List the prime factors of o.
2, 5
Suppose 0 = 2*b - b - 279. Suppose -b = -3*i - 4*s + 1, 2*s = 5*i - 432. List the prime factors of i.
2, 11
Suppose 2*d - 13 = 13. Suppose 6*f = 211 - d. List the prime factors of f.
3, 11
Let a be (-2)/11 - (-312)/143. Suppose 2*t - w + 372 = 0, -t - 183 = a*w - 4*w. What are the prime factors of (-1 - 0)/(11/t)?
17
Suppose -5*u + 203 = o, 5*o = u - 26 + 1. List the prime factors of (16/u)/((-2)/(-30)).
2, 3
Let t(p) = p**3 + 13*p**2 + 22*p - 7. Let r be t(-11). What are the prime factors of r/((-21)/(-12)) - -120?
2, 29
Let t(n) = n**2 + 10*n + 1. Suppose 3*c + 18 = 5*c. Let h be t(c). Suppose f + 3*p + 19 - 60 = 0, -4*p = 4*f - h. What are the prime factors of f?
2, 11
Let l(d) = 3*d - 5*d**2 - 5 + 1 - 3 + d**3. List the prime factors of l(6).
47
Let h(r) = -r**3 - 45*r**2 + 7*r - 2. List the prime factors of h(-46).
2, 7
Let i(k) = -10*k**3 - 3*k**2 - 6*k - 5. What are the prime factors of i(-3)?
2
Suppose -15*y = -14*y - 1384. What are the prime factors of y?
2, 173
Suppose 34*v + 2952 = 38*v. List the prime factors of v.
2, 3, 41
Let d(n) = 9*n + 6. Let g be (2/(-2))/((-9)/(-45)). Let f be d(g). List the prime factors of (4 + f/9)*-21.
7
Let o be (-2)/(-3 - (-51)/18). Let v = o - -33. Suppose w - 8 = v. List the prime factors of w.
53
Let b(r) = r**3 + 5*r**2 + 3*r - 1. Let i be b(-4). Suppose i*v = -4*u - 54, -4*v - 56 = -u + 5*u. List the prime factors of 126/8 + (-3)/u.
2
Let z(c) be the third derivative of 7*c**4/3 - c**3/6 + 6*c**2. What are the prime factors of z(2)?
3, 37
Suppose -20*y - 641 = -p - 25*y, 0 = 2*p + 5*y - 1307. What are the prime factors of p?
2, 3, 37
What are the prime factors of (4 + 633/(-15))*-10?
2, 191
Suppose 3*b + 95 = 3*n + 2*n, 0 = -b. Let d = n + -15. Suppose 0 = 2*v - u - 25, d*u + 6 = -3*v + 27. What are the prime factors of v